{"id":661,"date":"2020-10-19T17:11:34","date_gmt":"2020-10-19T15:11:34","guid":{"rendered":"https:\/\/www.associationpourlaqualitedeleau.com\/?page_id=661"},"modified":"2023-03-09T10:46:09","modified_gmt":"2023-03-09T09:46:09","slug":"mentions-legales","status":"publish","type":"page","link":"https:\/\/www.associationpourlaqualitedeleau.com\/index.php\/mentions-legales\/","title":{"rendered":"Mentions l\u00e9gales"},"content":{"rendered":"<p>[et_pb_section fb_built=\u00a0\u00bb1&Prime; _builder_version=\u00a0\u00bb4.16&Prime; _module_preset=\u00a0\u00bbdefault\u00a0\u00bb global_colors_info=\u00a0\u00bb{}\u00a0\u00bb][et_pb_row _builder_version=\u00a0\u00bb4.16&Prime; _module_preset=\u00a0\u00bbdefault\u00a0\u00bb custom_margin=\u00a0\u00bb|auto||293px||\u00a0\u00bb global_colors_info=\u00a0\u00bb{}\u00a0\u00bb][et_pb_column type=\u00a0\u00bb4_4&Prime; _builder_version=\u00a0\u00bb4.16&Prime; _module_preset=\u00a0\u00bbdefault\u00a0\u00bb global_colors_info=\u00a0\u00bb{}\u00a0\u00bb][et_pb_text _builder_version=\u00a0\u00bb4.16&Prime; _module_preset=\u00a0\u00bbdefault\u00a0\u00bb global_colors_info=\u00a0\u00bb{}\u00a0\u00bb]<\/p>\n<h1>Mentions l\u00e9gales<\/h1>\n<p>[\/et_pb_text][et_pb_text _builder_version=\u00a0\u00bb4.20.2&Prime; _module_preset=\u00a0\u00bbdefault\u00a0\u00bb hover_enabled=\u00a0\u00bb0&Prime; global_colors_info=\u00a0\u00bb{}\u00a0\u00bb sticky_enabled=\u00a0\u00bb0&Prime;]<\/p>\n<p>Le site www.plainedusaulce.com propose des ressources pour la qualit\u00e9 de l\u2019eau potable, des informations utiles sur les actions men\u00e9es avec nos diff\u00e9rents partenaires, des r\u00e9sultats d\u2019essais agricoles, des publications d\u2019\u00e9tude\u2026<\/p>\n<p><strong>Informations \u00e9ditoriales<\/strong><\/p>\n<p><strong>\u00c9diteur<\/strong><\/p>\n<p>Association pour la qualit\u00e9 de l\u2019eau potable<br \/>13 rue de la Fontaine<br \/>89580 GY l&rsquo;EVEQUE<\/p>\n<p><strong>Directeur de publication<\/strong><br \/>VECTEN Yves, pr\u00e9sident de l&rsquo;association<\/p>\n<p><strong>Contact<\/strong><br \/>L&rsquo;association vous offre la possibilit\u00e9 de correspondre avec ses services.<br \/>Pour vous aider dans vos \u00e9changes et trouver le bon interlocuteur :<br \/><strong><a href=\"https:\/\/www.associationpourlaqualitedeleau.com\/index.php\/contactez-nous\/\">Nous contacter<\/a><\/strong><\/p>\n<p><strong>Protection et traitement de donn\u00e9es \u00e0 caract\u00e8re personnel<\/strong><\/p>\n<p>Respect des lois en vigueur<br \/>Le site www.plainedusaulce.com respecte la vie priv\u00e9e de l\u2019internaute et se conforme strictement aux lois en vigueur sur la protection de la vie priv\u00e9e et des libert\u00e9s individuelles. Aucune information personnelle n\u2019est collect\u00e9e \u00e0 votre insu. Aucune information personnelle n\u2019est c\u00e9d\u00e9e \u00e0 des tiers. Les courriels, les adresses \u00e9lectroniques ou autres informations nominatives dont ce site est destinataire ne font l\u2019objet d\u2019aucune exploitation et ne sont conserv\u00e9s que pour la dur\u00e9e n\u00e9cessaire \u00e0 leur traitement.<\/p>\n<p><strong>Droit des internautes : droit d\u2019acc\u00e8s et de rectification<\/strong><\/p>\n<p>L&rsquo;association s\u2019engage \u00e0 ce que la collecte et le traitement de vos donn\u00e9es, effectu\u00e9s \u00e0 partir du site soient conformes au r\u00e8glement g\u00e9n\u00e9ral sur la protection des donn\u00e9es (RGPD) et \u00e0 la loi Informatique et Libert\u00e9s.<\/p>\n<p>Pour toute information ou exercice de vos droits Informatique et Libert\u00e9s sur les traitements de donn\u00e9es personnelles, vous pouvez contacter son secr\u00e9tariat d\u00e9l\u00e9gu\u00e9 \u00e0 la protection des donn\u00e9es (DPD) par courriel contact@plainedusaulce.com ou par courrier \u00e0 l\u2019adresse suivante :<\/p>\n<p>Association pour la qualit\u00e9 de l&rsquo;eau potable<br \/>13 rue de la Fontaine<br \/>89580 GY l&rsquo;EVEQUE<\/p>\n<p>La politique du site www.plainedusaulce.com est en conformit\u00e9 avec la loi n\u00b02004-575 du 21 juin 2004 pour la confiance dans l\u2019\u00e9conomie num\u00e9rique.<\/p>\n<p><strong>Cookies<\/strong><br \/>Lors de la consultation de notre site plainedusaulce.com, des cookies sont d\u00e9pos\u00e9s sur votre ordinateur, votre mobile ou votre tablette.<br \/>Les seuls cookies utilis\u00e9s par le site sont ceux destin\u00e9s \u00e0 la mesure d\u2019audience et ne collectent pas de donn\u00e9es personnelles. Les outils de mesures d\u2019audience sont d\u00e9ploy\u00e9s afin d\u2019obtenir des informations sur la navigation des visiteurs. Ils permettent notamment de comprendre comment les utilisateurs arrivent sur un site et de reconstituer leur parcours.<\/p>\n<p>Les donn\u00e9es g\u00e9n\u00e9r\u00e9es par les cookies sont transmises et stock\u00e9es par le prestataire de mesure d\u2019audience (Jetpack). Les prestataires de mesure d\u2019audience sont susceptibles de communiquer ces donn\u00e9es \u00e0 des tiers en cas d\u2019obligation l\u00e9gale ou lorsque ces tiers traitent ces donn\u00e9es pour leur compte.<\/p>\n<p><strong>D\u00e9finition d\u2019un cookie<\/strong><br \/>Un cookie est un fichier texte d\u00e9pos\u00e9 sur votre ordinateur lors de la visite d\u2019un site ou de la consultation d\u2019une publicit\u00e9. Il a pour but de collecter des informations relatives \u00e0 votre navigation et de vous adresser des services adapt\u00e9s \u00e0 votre terminal (ordinateur, mobile ou tablette). Les cookies sont g\u00e9r\u00e9s par votre navigateur internet.<br \/>Nous veillons dans la mesure du possible \u00e0 ce que les prestataires de mesures d\u2019audience respectent strictement la loi informatique et libert\u00e9s du 6 janvier 1978 modifi\u00e9e et s\u2019engagent \u00e0 mettre en \u0153uvre des mesures appropri\u00e9es de s\u00e9curisation et de protection de la confidentialit\u00e9 des donn\u00e9es.<\/p>\n<p><strong>Param\u00e9trer votre navigateur internet<\/strong><br \/>Vous pouvez \u00e0 tout moment choisir de d\u00e9sactiver ces cookies. Votre navigateur peut \u00e9galement \u00eatre param\u00e9tr\u00e9 pour vous signaler les cookies qui sont d\u00e9pos\u00e9s dans votre ordinateur et vous demander de les accepter ou pas. Vous pouvez accepter ou refuser les cookies au cas par cas ou bien les refuser syst\u00e9matiquement.<br \/>En cas de refus de d\u00e9p\u00f4t de cookie, vous ne pourrez pas consulter le site plainedusaulce.com. Afin de g\u00e9rer les cookies au plus pr\u00e8s de vos attentes nous vous invitons \u00e0 param\u00e9trer votre navigateur en tenant compte de la finalit\u00e9 des cookies.<\/p>\n<p><strong><\/strong><\/p>\n<p><strong><\/strong><\/p>\n<p><strong><\/strong><\/p>\n<p><strong>D\u00e9veloppement<\/strong><\/p>\n<p>SARL unipersonnelle bernerd.com<br \/>capital 1000 \u20ac<br \/>RCS Auxerre 49848019300024<br \/>Code APE 7021Z<br \/>N\u00b0 TVA : FR30498480193<br \/>25 avenue Hoche &#8211; 89000 Auxerre<\/p>\n<p><strong>Prestataire d\u2019h\u00e9bergement<\/strong><\/p>\n<p>OVH<br \/>SAS au capital de 10 069 020 \u20ac<br \/>RCS Lille M\u00e9tropole 424 761 419 00045<br \/>Code APE 2620Z<br \/>N\u00b0 TVA : FR 22 424 761 419<br \/>Si\u00e8ge social : 2 rue Kellermann &#8211; 59100 Roubaix &#8211; France<\/p>\n<p><strong>Gestionnaire des statistiques<\/strong><br \/>JETPACK<br \/>d\u00e9velopp\u00e9 par Automattic<\/p>\n<p>Droits de reproduction des documents publics ou officiels<br \/>Depuis la publication de l\u2019ordonnance n\u00b0 2005-650 du 6 juin 2005 relative \u00e0 la libert\u00e9 d\u2019acc\u00e8s aux documents administratifs et \u00e0 la r\u00e9utilisation des informations publiques, ces informations peuvent \u00eatre r\u00e9utilis\u00e9es \u00e0 d\u2019autres fins que celles pour lesquelles elles ont \u00e9t\u00e9 produites, et particuli\u00e8rement les informations faisant l\u2019objet d\u2019une diffusion publique. Les documents publics ou officiels ne sont couverts par aucun droit d\u2019auteur et peuvent donc \u00eatre reproduits librement. Le graphisme, l\u2019iconographie ainsi que le contenu \u00e9ditorial demeurent la propri\u00e9t\u00e9 de l\u2019\u00c9tat, et, \u00e0 ce titre, font l\u2019objet des protections pr\u00e9vues par le Code de la propri\u00e9t\u00e9 intellectuelle. Si la reprise de ces contenus de fa\u00e7on partielle ou int\u00e9grale est autoris\u00e9e, elle doit \u00eatre obligatoirement assortie de la mention du nom de l\u2019auteur, de la source, et \u00e9ventuellement d\u2019un lien renvoyant vers le document original en ligne sur le site. La mention \u00ab\u00a0\u00a9 www.plainedusaulce.com \u00a0\u00bb devra donc \u00eatre indiqu\u00e9e. Tous les autres contenus pr\u00e9sents sur le site sont couverts par le droit d\u2019auteur. Toute reprise est d\u00e8s lors conditionn\u00e9e \u00e0 l\u2019accord de l\u2019auteur en vertu de l\u2019article L.122-4 du Code de la propri\u00e9t\u00e9 Intellectuelle. Les informations utilis\u00e9es ne doivent l\u2019\u00eatre qu\u2019\u00e0 des fins personnelles, associatives ou professionnelles ; toute diffusion ou utilisation \u00e0 des fins commerciales ou publicitaires \u00e9tant interdites.<\/p>\n<p><strong>Demande d\u2019autorisation de reproduction du logo<\/strong><br \/>Si, dans le cadre d\u2019une communication officielle, vous avez besoin d\u2019utiliser le logotype de l&rsquo;association pour tous supports internes et externes (brochures, publications, sites, etc.), merci d\u2019envoyer votre demande \u00e0 l\u2019adresse suivante :<\/p>\n<p>Association pour la qualit\u00e9 de l&rsquo;eau potable<br \/>13 rue de la Fontaine<br \/>89580 GY l&rsquo;EVEQUE<\/p>\n<p><strong>Demande d\u2019autorisation de reproduction des contenus<\/strong><br \/>Toute copie partielle ou int\u00e9grale sur support papier ou sous forme \u00e9lectronique de pages du site doit faire l\u2019objet d\u2019une d\u00e9claration aupr\u00e8s du webmaster.<br \/>Les demandes d\u2019autorisation de reproduction d\u2019un contenu doivent \u00eatre adress\u00e9es \u00e0 la r\u00e9daction de l&rsquo;association, en \u00e9crivant \u00e0 :<\/p>\n<p>Association pour la qualit\u00e9 de l&rsquo;eau potable<br \/>13 rue de la Fontaine<br \/>89580 GY l&rsquo;EVEQUE<\/p>\n<p>La demande devra pr\u00e9ciser le contenu vis\u00e9 ainsi que la publication ou le site sur lequel ce dernier figurera. Une fois cette autorisation obtenue, la reproduction d\u2019un contenu doit ob\u00e9ir aux principes suivants :<\/p>\n<p><strong>Gratuit\u00e9 de la diffusion ;<\/strong><br \/>respect de l\u2019int\u00e9grit\u00e9 des documents reproduits (aucune modification, ni alt\u00e9ration d\u2019aucune sorte) ;<br \/>mention obligatoire : \u00ab\u00a0\u00a9 www.plainedusaulce.com &#8211; droits r\u00e9serv\u00e9s\u00a0\u00bb. Cette mention pointera gr\u00e2ce \u00e0 un lien hypertexte directement sur le contenu.<\/p>\n<p><strong>Cr\u00e9dits photos et illustrations<\/strong><br \/>Les photos utilis\u00e9es en page d\u2019accueil et sur toutes les autres pages (sauf indication contraire) :<br \/><strong>Adobe stock<\/strong><br \/>\u00a9 Clean water (healthy concept) Par Maksim Shebeko 82225295<br \/>\u00a9 Tropfen vor blauem Hintergrund Par peterschreiber.media 177827819<br \/>\u00a9 Fresh juicy young grass in droplets of morning dew and a ladybug in summer spring on a nature macro. Drops of water on the grass, natural wallpaper, panoramic view, soft focus.Par Laura Pashkevich 206315499<br \/>\u00a9 Farmer&rsquo;s hand watering a young plant, Modern agriculture with technology concept Par Worawut 370387366<br \/>\u00a9 Italy autumn countryside landscape, dirty road and farmland over sunset sky Par Konstiantyn 291886397<br \/>\u00a9 M\u00e4hdrescher bei der Ernte auf dem Weizenfeld Par photoschmidt 167205755<br \/>\u00a9 Tractor spraying pesticides, fertilizing on the vegetable field with sprayer at the spring, fertilization concept Par Khaligo 349937085<br \/>\u00a9 Machine for spraying pesticides and herbicides in the field at night. Par scharfsinn86 209660338<br \/>\u00a9 Captage d\u2019eau potable Par Graphith\u00e8que 69012419<\/p>\n<p>&nbsp;<\/p>\n<p><strong>Cr\u00e9ation de liens vers le site<\/strong><br \/>Le site plainedusaulce.com autorise, sans autorisation pr\u00e9alable, la mise en place de liens hypertextes pointant vers ses pages, sous r\u00e9serve de :<\/p>\n<ul>\n<li>Ne pas utiliser la technique du lien profond, c\u2019est-\u00e0-dire que les pages du site plainedusaulce.com ne doivent pas \u00eatre imbriqu\u00e9es \u00e0 l\u2019int\u00e9rieur des pages d\u2019un autre site, mais visibles par l\u2019ouverture d\u2019une fen\u00eatre ind\u00e9pendante.<\/li>\n<li>Mentionner la source qui pointera gr\u00e2ce \u00e0 un lien hypertexte directement sur le contenu vis\u00e9.<\/li>\n<li>Ne pas utiliser le logotype de l&rsquo;association plainedusaulce.com sans autorisation<\/li>\n<\/ul>\n<p>Les sites qui font le choix de pointer vers plainedusaulce.com engagent leur responsabilit\u00e9 d\u00e8s lors qu\u2019ils porteraient atteinte \u00e0 l\u2019image du site public.<br \/>Responsabilit\u00e9 face aux liens vers d\u2019autres sites<\/p>\n<p><strong>Aide et environnement technique<\/strong><\/p>\n<p><strong>Affichage<\/strong><\/p>\n<p>Ce site est optimis\u00e9 pour un affichage en 1024&#215;768. Il est pr\u00e9vu pour les principaux navigateurs Microsoft Internet Explorer 9 (et au-dessus), Google Chrome et Mozilla Firefox.<\/p>\n<p><strong>Aide technique<\/strong><\/p>\n<p>Format P.D.F. &#8211; Adobe\u00ae Reader\u00ae<br \/>Le site contient de nombreux fichiers au format P.D.F. (portable document format) permettant de consulter et d\u2019imprimer un fichier sur tout type de mat\u00e9riel, plate-forme et \u00e9quipement divers. Pour lire ce format, il faut disposer du logiciel gratuit Adobe\u00ae Reader\u00ae.<\/p>\n<p>[\/et_pb_text][\/et_pb_column][\/et_pb_row][\/et_pb_section]<\/p>\n","protected":false},"excerpt":{"rendered":"<p>Mentions l\u00e9galesLe site www.plainedusaulce.com propose des ressources pour la qualit\u00e9 de l\u2019eau potable, des informations utiles sur les actions men\u00e9es avec nos diff\u00e9rents partenaires, des r\u00e9sultats d\u2019essais agricoles, des publications d\u2019\u00e9tude\u2026 Informations \u00e9ditoriales \u00c9diteur Association pour la qualit\u00e9 de l\u2019eau potable13 rue de la Fontaine89580 GY l&rsquo;EVEQUE Directeur de publicationVECTEN Yves, pr\u00e9sident de l&rsquo;association ContactL&rsquo;association [&hellip;]<\/p>\n","protected":false},"author":1,"featured_media":0,"parent":0,"menu_order":0,"comment_status":"closed","ping_status":"closed","template":"","meta":{"_et_pb_use_builder":"on","_et_pb_old_content":"","_et_gb_content_width":"","footnotes":""},"class_list":["post-661","page","type-page","status-publish","hentry"],"jetpack_sharing_enabled":true,"_links":{"self":[{"href":"https:\/\/www.associationpourlaqualitedeleau.com\/index.php\/wp-json\/wp\/v2\/pages\/661","targetHints":{"allow":["GET"]}}],"collection":[{"href":"https:\/\/www.associationpourlaqualitedeleau.com\/index.php\/wp-json\/wp\/v2\/pages"}],"about":[{"href":"https:\/\/www.associationpourlaqualitedeleau.com\/index.php\/wp-json\/wp\/v2\/types\/page"}],"author":[{"embeddable":true,"href":"https:\/\/www.associationpourlaqualitedeleau.com\/index.php\/wp-json\/wp\/v2\/users\/1"}],"replies":[{"embeddable":true,"href":"https:\/\/www.associationpourlaqualitedeleau.com\/index.php\/wp-json\/wp\/v2\/comments?post=661"}],"version-history":[{"count":6,"href":"https:\/\/www.associationpourlaqualitedeleau.com\/index.php\/wp-json\/wp\/v2\/pages\/661\/revisions"}],"predecessor-version":[{"id":1590,"href":"https:\/\/www.associationpourlaqualitedeleau.com\/index.php\/wp-json\/wp\/v2\/pages\/661\/revisions\/1590"}],"wp:attachment":[{"href":"https:\/\/www.associationpourlaqualitedeleau.com\/index.php\/wp-json\/wp\/v2\/media?parent=661"}],"curies":[{"name":"wp","href":"https:\/\/api.w.org\/{rel}","templated":true}]}}